is 68 - (105 + -170 + 81)?
52
Evaluate -16 + -1 + (3 - (16 - 26)).
-4
What is 3 - ((-8 - 1) + (155 - 71))?
-72
Calculate -19 + (122 - 78) + 22.
47
Calculate 6 - (8 + (11 - 32)).
19
Calculate -8 + -5 + -26 + -14 + (-8 - -8).
-53
Evaluate -15 - (-30 + 4 + -7 + 17 + 74).
-73
What is the value of -4 + -2 - ((13 - 15) + 6 + (-4 - 8))?
2
Evaluate -8 + (-3 - (6 - 46)) + (2 - (2 - -11)).
18
What is the value of (-4 - (1 - 11)) + -1 - (-184 - -170)?
19
Evaluate 29 + 25 + (-47 + 12 - 24).
-5
What is the value of -1 + (-19 - -25) + (-17 - -6)?
-6
Calculate 9 - ((60 - 28) + -61 + -26 + 1).
63
What is (308 + -330 - (-1 - -79)) + (-2 - -2)?
-100
-6 + -1 + -15 + 13 + -7 + 50
34
Calculate 43 - ((-36 - -2) + 82) - -21.
16
Calculate 23 + (-3 - 6) + 6 + 5 - (14 + -6).
17
What is 17 - (37 - 8 - 30 - -31)?
-13
What is the value of -102 + 177 - 53 - -67?
89
Calculate -55 + (7 - 2) - (21 + -8 + -23).
-40
Calculate -1334 - -1335 - (2 + 31 - 1).
-31
What is (14 - -13) + 2 + -10 + -20 + (37 - -1)?
37
-18 + 34 + -15 + (5 - (-7 - -18))
-5
-4 - (-30 - (-42 + 16) - (-7 + 0))
-7
What is -171 - (-441 - -190) - (-1 + (1 + -7 - -1))?
86
0 - (-15 + 1) - (-8 + -13 - 6)
41
What is the value of 15 + (-15 - 0 - (967 - 992))?
25
What is the value of (18 - -13 - 37) + (-1 - -1) + 6 - 25?
-25
15 + -6 - ((-19 - -6) + 33)
-11
What is the value of 15 + (-36 - (-115 - -40))?
54
Calculate 75 + -70 + (13 + -9 - (10 + 0) - 6).
-7
63 + -116 + 40 - (-2 + -108)
97
Evaluate -3 + (324 - 276) + (-1 - 14).
30
What is the value of -128 + 81 - (0 - 44)?
-3
Evaluate (27 - -17 - 34) + 6 - -16.
32
Calculate -48 + -102 + 245 + -88.
7
Evaluate 67 - (-25 - (4 - 31) - -7).
58
43 + (-26 - 3) + -5 + 61 + 4
74
What is the value of (-147 - -141 - (-1 + -6)) + (-7 - 0) + 31?
25
(12 + (-15 - 18) - 8) + 7
-22
-34 + 8 + 12 + -3 + (-13 - 5)
-35
(26 - ((-29 - -51) + -8)) + (1 + 1 - 10)
4
Evaluate (16 - 28 - -16) + -8 + -13 + 85.
68
What is 55 + (-5 - ((-8 - -2) + (-2 - -3) - -13))?
42
1 + -2 - (50 + -1 + (-2 - -10) + -3)
-55
What is the value of 23 + 3 + 0 - (-14 + 49 + -38)?
29
Calculate -1 + 9 - (264 + -122 - 173).
39
Calculate -574 + 538 - (-1 - -22) - -12.
-45
10 + 37 + (-6 + 5 + -11 - -11)
46
What is the value of -1 + -4 + -40 + -1941 + 1952?
-34
Evaluate -10 + 0 + (-31 + 4 - -27).
-10
What is the value of (5 - (-1 - 42)) + -28?
20
What is -42 + (27 + -15 - (-4 - -10)) + 3?
-33
Evaluate -6 - (-138 - (-130 + -124)).
-122
-100 - -109 - -2 - (40 + -1 + -3)
-25
Evaluate -16 + -2 + (-5 - -27 - (20 - 13)).
-3
8 + (8 - (-11 + (4 + -18 - -5) + -7))
43
63 + (16 + -13 - 18)
48
What is the value of 1 + 11 + (-1 - 7) + (2 - 58)?
-52
What is 18 + 22 - (14 + (-5 - -1) + -6)?
36
Evaluate -11 + (6 - -21) + (6 - 68 - -2).
-44
Evaluate (34 - (31 + -17)) + (13 + 0 - -1).
34
What is (3 - (28 + -20)) + -7 - (-1 + -4)?
-7
Evaluate -2 - 33 - (-4 + 31 + -14 + 2).
-50
Evaluate -9 + 6 + -11 - (33 + -51).
4
Calculate 30 - (-7 + (11 - (14 + -1))).
39
Evaluate (1 - -3 - (-7 - (12 + -26)) - -4) + -22.
-21
What is (-25 + 17 - 0) + 3 + 6 + -9?
-8
9 + -19 + (-16 - -4) + 46
24
9 - 0 - (-12 + 20 - -30 - 80)
51
What is -26 + (21 + 0 - (-237 - -246))?
-14
Calculate (2 - 23) + (10 - (-14 + 16)) - -62.
49
Calculate (1 - -15 - 2) + (39 - (3 - -33)).
17
What is the value of 14 - (3 + -1 + 5 - (3 + -6) - 20)?
24
What is (10 - 16) + 19 + 5 + -66?
-48
Evaluate (6 - 17) + (31 - -14) + -1.
33
Evaluate (91 - 57 - 10) + -25.
-1
Calculate -18 + -54 + (146 - 134).
-60
What is the value of 164 + (-68 - -10) - -26?
132
Calculate (22 - (2 - -5 - 14)) + -12.
17
Calculate -109 + (298 - 165) + (0 - -20).
44
Evaluate 14 + -27 - (-1 - 1) - (260 + -313).
42
Calculate -74 - (2 - (-49 - -26)) - (-13 + -2).
-84
What is -28 + -44 + 35 + -12?
-49
96 - (-45 + 1 + (-17 - -15))
142
What is 81 + -1 - (-34 - -22) - 33?
59
-10 - (-93 - (82 - 93))
72
9352 + -9257 - (-2 + 135)
-38
What is the value of (-8 - (-9 - (5 - 9))) + (-11 - (0 + -1))?
-13
121 + 37 + -21 + -40 + (12 - -3)
112
What is the value of (-41 - 113) + 165 - (3 + 1 + 0)?
7
What is -603 + 652 + (11 - -6) + -2?
64
Evaluate -152 - -120 - (0 + -1 + 9).
-40
What is 15 - (-53 + (2 - (-1 - -5) - -4))?
66
-129 + -1 - (-2148 + 2046)
-28
Calculate -17 + -1 + 12 + 10 + -7 + -2 + 97.
92
-4 + 2 + -26 + (-33 + 21 - -26)
-14
Calculate 10 + (-82 + 88 - (6 + 2) - -4).
12
(-29 - -9 - (18 + -14)) + -38
-62
What is -2 + 8 + 3 + -10 + -11 + -11 + 0?
-23
Evaluate (5 - 0 - (-6 - (14 - 24))) + 30 + -11.
20
What is the value of -101 + 88 + (52 - 45)?
-6
What is the value of -5 + 11 - (-476 + 485) - (132 - (2 + -3))?
-136
365 + -260 + 17 + -28
94
Evaluate (2 - -20) + (18 - -9) + -68.
-19
What is the value of (7 - ((11 + -21 - 8) + 11)) + 42?
56
What is -194 - (68 + 60 - 279)?
-43
(58 + (-85 - -36) - (-1 + -18)) + -1 + 12
39
What is -1349 + 1296 - ((0 - (2 + -1) - 0) + 1)?
-53
What is (11 - (52 + -12)) + (-4 - -80)?
47
What is 0 - 82 - (-11 + 6 - (-408 + 413))?
-72
What is -9 + (-1 + 4 - -73) + 818 + -831?
54
What is (-1 - (6 - 4)) + -20 + 42 + 4?
23
11 + (6 - (-2 - -4)) + -4 + (15 - 61)
-35
What is the value of 32 - (60 + (-54 - -22))?
4
What is -21 + -53 + -78 + 11?
-141
Calculate (9 - (1 - (-6 + 7) - 12)) + -4.
17
-9 + 114 + (-808 - -816)
113
-18 + (-11 - -107) - (1 - -33)
44
What is the value of 24 + (128 - 86) + -39?
27
(-17 - -13) + -28 + 82 + 11
61
Evaluate -1139 - -1190 - (16 + 4 + 2).
29
What is 2444 + -2489 + 2 + 87?
44
What is -8 + 41 - (-196 - -166)?
63
What is the value of -14 + -135 + 69 - -71?
-9
Calculate -53 - (-8 + (5 - -1) + -7 + 9 + -9).
-44
Evaluate 9 - (89 - 125 - -25).
20
Calculate 3 - 6 - (5 - (-10 - -21)) - 35.
-32
What is 7 + -32 + 40 - -14?
29
What is -727 + 739 - ((18 - -3) + 5 + -1)?
-13
What is -63 + 24 - 25 - -74?
10
Calculate 15 + (18 - 1) + 10 + (-19 - -5).
28
Calculate -73 - (-23 + 16 + -6 + 6 + 8).
-74
78 + -5 - (182 + -153)
44
Calculate -96 + (3205 - 3184 - (1 - 15)).
-61
What is the value of -10 - (-42 - -24) - (-3 - 5) - -39?
55
What is the value of (4 - 192) + (4104 - 4009)?
-93
What is the value of 0 + 17 + (121 - (516 + -395))?
17
What is the value of -43 + 5 + 14 - -23 - (-2 + 12)?
-11
0 + -4 + 5 + 75 + (1 - 6) + 11
82
What is -20 + -32 + -14 + 120 + -31?
23
-16 + 23 + 91 + -108
-10
What is -9 + 0 + (6 - 1) + -9 + -29 + 25?
-17
What is -14 + (43 - 37) + 27 - (-2 + 0 - -7)?
14
-78 - ((5 - -1) + (8 - 43) - -11)
-60
What is the value of -57 + 107 + -66 + (-1 - -33)?
16
What is (1 - 18) + -1001 + 1075?
57
Evaluate 18 - (-2 + -15 + 7) - -6.
34
Calculate (-2 - (32 + -11 - 11)) + 4 + (-4 - 5).
-17
(1 - -1) + (20 - 1 - 42) + 13
-8
Calculate (156 - 217) + 16 + 43 - (-97 - 0).
95
Calculate -6 + 2 + -49 + -8 + 14 + -7.
-54
Evaluate -1 + -13 + 715 + -700 - 3.
-2
What is 148 + -147 - (-2 - -1 - -4) - (-34 + 128)?
-96
What is -29 + -29 + 27 - 45 - -15?
-61
What is the value of (-1 + 1 - 1 - ((36 - 73) + 32)) + -18?
-14
1742 + -1764 + (1 - -67)
46
Evaluate 5 + (-4 - -2) + (-28 - -33 - 12 - 7).
-11
Evaluate 2 + 125 + -733 + 581.
-25
Calculate 9697 + -9637 - (-2 + -19 + 2).
79
What is (16 + -29 - -24) + 6 + -32 + (1 - 4)?
-18
Calculate -5 + 4 + -17 + -3.
-21
What is 16 + -4 + -4 + (47 + -32 - 20) - 19?
-16
What is the value of -9 + (124 - (12 - -50))?
53
What is -147 + -13 - (10 + -39) - -19?
-112
What is the value of (-5 - -41 - (230 - 204)) + (23 - 2)?
31
Calculate -3 - (-9 + (51 + (-6 - 2) - 9)).
-28
Evaluate 12 - 9 - ((3 - (4 + 4)) + 52).
-44
Calculate -10 + 6 + 8 + -15 + -11.
-22
What is the value of -74 - (-28 + 62) - (-5 + -13)?
-90
Evaluate -5 + 29 - (22 + -18) - -13.
33
-23 - (-10 + -5) - -55
47
Evaluate -107 - -6 - -51 - -22.
-28
What is the value of 46 + 27 - (6 - (-2 - (-10 - -1)) - 0)?
74
-1 - (-14 - 1 - ((-79 - 22) + 108))
21
Calculate (-13 - -6) + 0 + 7 + 61 + 20 + -17.
64
Evaluate (35 - -34) + -9 - 3.
57
Calculate (1 - 1) + -14 + 0 + (2936 - 2924) - -99.
97
What is the value of 13 + (7 - (-6 - -24)) + 8?
10
What is the value of 73 - 83 - (-5 + -13) - 60?
-52
-19 + -18 + 38 + -21 + 2 + -4
-22
Evaluate (-9 - (-18 - (11 - 19))) + -2.
-1
Evaluate 36 - 18 - (122 - (17 + (-21 - 4))).
-112
13 + (-2 - 49) + -16 + -17 + (4 - 3)
-70
What is 12 + (96 - 16) + (-12 - (-4 + 8))?
76
Evaluate 43 - 0 - (96 - (-153 + 252)).
46
-37 + (63 - -19) + -42
3
What is -56 + (157 - 62) + -45?
-6
Calculate 36 + (-46 - -96 - 9).